 + 0 - 2*o - 1/6*o**3 + 0*o**2. What are the prime factors of y(-1)?
5
Let s be 322/7*(-2)/(-4). Let y = s + 14. Suppose -y = -4*h - 9. List the prime factors of h.
7
Suppose 2*w = 6*w - 28. Suppose -3*p + w = -t, -5*p = -3*p - t - 3. List the prime factors of p.
2
Let p(v) = 6*v - 5. Let d be p(6). Let m(y) = -y**2 - 10*y + 6. Let o be m(-8). Let a = d - o. What are the prime factors of a?
3
Let d(b) = 2*b**3 + 5*b**2 + 2*b - 1. What are the prime factors of d(4)?
5, 43
Let p be 18/9 - (-1 + 1). Suppose -m = p*m - 39. What are the prime factors of m?
13
Let j(g) = -2*g - 4. Let o be j(-3). Let z be (82/4)/(1/o). Suppose 2 = -2*u - 5*a, 3*a - 2*a = -5*u + z. List the prime factors of u.
3
Let i be (-310)/(-11) - 6/33. Suppose -10 = -3*t - 2*v, -6*t + 2*v + 14 = -3*t. Suppose 0 = 2*g + 3*w - t, -2*g - w + 4*w + i = 0. List the prime factors of g.
2
Let n(p) = 18*p**2 - p. List the prime factors of n(-1).
19
Let l(v) be the second derivative of 4*v**3/3 - 9*v**2/2 - 2*v. Let t(q) = q. Let z(m) = l(m) - 6*t(m). List the prime factors of z(10).
11
Suppose 0*l - 6*l = -114. What are the prime factors of l?
19
Let p(j) = -2*j - 7. Let h be p(-6). Let q be 472/10 + 8/(-40). Suppose -3*s + q = h*w, 4*s - 14 = 2*s + w. What are the prime factors of s?
3
Let i(j) = j**3 + 5*j**2 + 3*j + 10. List the prime factors of i(-4).
2, 7
Let j be -48 - (3 + -6 + 3). Let c be j/(-36) - 2/6. Suppose 5*r = 5*a - 30, -a - 1 - c = r. What are the prime factors of a?
2
Suppose 3 = 3*n - 2*n. Suppose -5*c + 194 = -3*m, -n*m = 5*c - 180 - 26. List the prime factors of c.
2, 5
Let j(y) = 21*y**2 - 2*y - 1. List the prime factors of j(-1).
2, 11
Let r = -46 + 28. Let l = 39 + r. What are the prime factors of l?
3, 7
Suppose 0 = -5*l - 2*r + 31 - 10, -4*l + 3*r + 26 = 0. Suppose 3*b + l*g = -2*b + 230, -6 = -3*g. List the prime factors of b.
2, 11
Let q be (-2)/5 - 39/15. Let m = q + 45. List the prime factors of m.
2, 3, 7
Let l(m) = -m**2 + 10*m - 7. Suppose 5*y - 4*r = 41, 3*y - 2*r - 31 = 2*r. What are the prime factors of l(y)?
2, 3
Suppose -21*i - 100 = -22*i. List the prime factors of i.
2, 5
Let d be 7/(7/2)*12. What are the prime factors of (-8 - 1)/((-18)/d)?
2, 3
Let g = 11 + -7. Suppose 3*n - 140 = -g*n. What are the prime factors of n?
2, 5
Let n = 7 - -10. What are the prime factors of n?
17
What are the prime factors of 126/2 + 0/(-1)?
3, 7
Suppose 277 = 4*v + 61. List the prime factors of v.
2, 3
Let m(s) = -4*s**2 - s + 229. What are the prime factors of m(0)?
229
Suppose -4*x = 5*d - 9*x - 920, 3*d + 2*x - 552 = 0. List the prime factors of d.
2, 23
Let q = -31 - -45. Let n = q - 3. List the prime factors of n.
11
Let p = 100 + -58. List the prime factors of p.
2, 3, 7
Let h(j) = j**2 + 2*j + 5. Let d be 3/5 - (-3)/(-5). Suppose -20 = -d*n + 5*n. List the prime factors of h(n).
13
Let d be (-1 - 4/(-6))*-9. Let t = 18 + -18. Suppose 0 = -d*g + 2*u - 14 + 64, t = 5*g + 5*u - 125. What are the prime factors of g?
2, 5
Let u(y) = 3*y**3 + 2*y - 2. Let w be u(2). Suppose -3*n + 42 = -0*n. Let a = w - n. What are the prime factors of a?
2, 3
Suppose 5*h = 188 + 427. List the prime factors of h.
3, 41
Let y be 5*1 - (9 - 8). List the prime factors of 26/y*2 + -4.
3
Suppose 1680 = 5*y + 3*v, -989 = -3*y - v + 3*v. List the prime factors of y.
3, 37
Let t(x) = x**2 - x + 14. Let w be t(0). Suppose 3*p - 1 = w. Suppose y = 2*i + 10, 0*i - 3*i - p = y. List the prime factors of y.
2
Suppose l + 2 - 1 = 0, 152 = 3*p - 2*l. What are the prime factors of p?
2, 5
Let n = 68 - 37. What are the prime factors of n?
31
Suppose 25 = 2*n - 173. List the prime factors of n.
3, 11
Let y be 5 + 2*3/(-6). Suppose 29 = y*s - 31. Let m = -6 + s. What are the prime factors of m?
3
Let x(i) = i + 7. Let s be x(-7). Suppose -d + s*d = -2*v + 4, -7 = -3*v + d. Suppose 0 = -3*p + v + 3. What are the prime factors of p?
2
Let v = 4 + -5. Let m = v - 3. Let o(k) = k**2 + 2*k + 2. List the prime factors of o(m).
2, 5
Let x(i) = -10*i + 3. Let c(h) = 3*h - 1. Let u(r) = 7*c(r) + 2*x(r). List the prime factors of u(4).
3
Let u = -56 + 80. Suppose -a - u = -5*a. What are the prime factors of a?
2, 3
Let x be 6/(-27) + 222/27. Suppose -2*p - x = 2*p. What are the prime factors of (-18)/(p/1 - -1)?
2, 3
Suppose 0 = m - 4*m. Suppose m*a + 1 = a. List the prime factors of 18 + (-1)/(-1)*a.
19
Let c(r) = -r**2 + 4*r - 3. Let g(l) = 3*l - 1. Let n be g(1). Let y be c(n). What are the prime factors of (-9)/(-3*y/2)?
2, 3
List the prime factors of 4548/24 + (-2)/4.
3, 7
Let z be 6*4/(6 + -2). Let g(v) = v**2 - 4*v + 12. What are the prime factors of g(z)?
2, 3
Suppose 4*y + y = 30. Suppose i - 3*h - y - 8 = 0, 4*i - 40 = 4*h. Suppose v + 3 = i. List the prime factors of v.
5
Let q(n) = 2*n**2 + 5*n + 2. What are the prime factors of q(-7)?
5, 13
Suppose 4*y + 5 = -5*t, 2*y - 15 = -0*t + t. Suppose y*u + 20 = 3*g, -3*g - 3*u = -u - 34. List the prime factors of g.
2, 5
Let v be ((-8)/24)/((-1)/18). Suppose v*l = 4*l - 6. What are the prime factors of 4*(-5)/(10/l)?
2, 3
Let n = 7 - -10. List the prime factors of n.
17
Let a = 158 - 85. List the prime factors of a.
73
Suppose -h + 5 = -3*q + 3*h, 3*h = q + 5. Let b = 6 - q. List the prime factors of b.
5
Let h(o) = o**3 - 11*o**2 + 11*o - 12. Let i be h(10). List the prime factors of 1*(i - (0 + -4)).
2
Let i = -2 + 45. Suppose -3*w - 5*b = -79, -4*w + 5*b - i = -5*w. What are the prime factors of (-4)/w - 174/(-54)?
3
Let h = -4 - -9. Suppose 39 = -3*z + 2*j + j, -4*j - 20 = h*z. What are the prime factors of ((-12)/z)/(6/16)?
2
Let j(l) = 64*l**2 + 6*l - 13. List the prime factors of j(2).
3, 5, 17
Let c be 6/(-4)*(-4)/6. Suppose 3*d = 5 + c. What are the prime factors of d/(-3) - 22/(-6)?
3
Let k(i) = -i**3 + i**2 + 3*i - 3. Let h be k(-5). Suppose -b = -2*b, 0 = -4*s - b + h. What are the prime factors of s?
3, 11
Suppose g - 31 + 3 = 0. What are the prime factors of g?
2, 7
Let k(x) = -2*x + 1. Let q be k(-2). Let b = q - -1. Suppose -3*g + b = -0*g. List the prime factors of g.
2
Let y(h) = h**3 - h + 2. Let u be y(0). Suppose -2*i = -l - 21, 4*i - 3*l - u*l = 45. What are the prime factors of i?
2, 5
Suppose 0 = -0*m - 2*m + 10. Let c be -1*(1 - -2) + 3. Suppose f = -2*f - m*t + 31, c = 3*f - t - 1. What are the prime factors of f?
2
List the prime factors of 9/((-332)/(-80) - 4).
2, 3, 5
What are the prime factors of 2844/15 - (-2)/5?
2, 5, 19
Let n(f) = 9*f**2 + 2*f - 3. Suppose 0 = b + 5*k - 22, b + 0*k = -4*k + 18. List the prime factors of n(b).
37
Let u(s) = -5*s - 1. Let h be u(-3). Let z = h - 6. What are the prime factors of (-4)/z*22/(-1)?
11
Let l be (-3)/9 + 12/9. Suppose g - 3 = -l. List the prime factors of g.
2
Let g be 20/(-6) - 6/9. Let y be 96/10*(g + 9). Suppose -3*r = -5*z + y, -4*z + r + 33 = 4*r. List the prime factors of z.
3
Let p be (-5)/(-2)*6/15. Let d be 1*3/(-6)*-2. What are the prime factors of d - 1*-6*p?
7
Let y be ((-6)/5)/((-12)/400). Suppose -k = -5*k + y. Let v = -4 + k. List the prime factors of v.
2, 3
Suppose 0 = -2*r - y + 3, 2*r + 3*r = -4*y + 3. Suppose -3 = r*w - 15. What are the prime factors of w?
2
Let l be (-2 - -2)/(-3) - -2. Let j(d) = d**2 + 2. Let i be j(0). Suppose -i*w + 3*w = -p + 3, -l*p - 6 = 0. What are the prime factors of w?
2, 3
Suppose 2*d - d + 11 = 0. Let i = d + 24. Suppose -1 = 2*g - i. What are the prime factors of g?
2, 3
Let j be (-1 - 23)*4/(-3). Suppose p = 3*p. Suppose p*n = 4*n - j. What are the prime factors of n?
2
Suppose -750 = -14*w + 8*w. List the prime factors of w.
5
Let f(h) = -8*h**3 + 15*h**2 + 3*h - 19. Let l(b) = 14*b**2 - 20 - 2*b**3 - 5*b**3 + 3*b + 2. Let o(v) = -6*f(v) + 7*l(v). List the prime factors of o(8).
2, 3
List the prime factors of ((-156)/(-16))/((-2)/(-8)).
3, 13
Suppose -4*q + 5*f + 57 = 0, -5*q - 4*f - 12 = -4*q. Suppose q = 3*v - v + 2*c, 2*c + 40 = 4*v. What are the prime factors of v?
2
Let c = 35 - 16. List the prime factors of c.
19
Let c(q) = q**3 + 11*q**2 - q - 2. Let r(z) = z**2 + z. Let k(a) = c(a) - 6*r(a). List the prime factors of k(-6).
2
Let s = -10 + 24. What are the prime factors of s?
2, 7
Let q = 126 - 5. List the prime factors of q.
11
Let x be ((-3)/(-6))/((-1)/24). Let m be (1/(-2))/(1/2). What are the prime factors of